(-14)/(-8)). Let u = g - 12. What is the units digit of u?
4
Let t(w) = 24*w**3 + w - 10. What is the tens digit of t(2)?
8
Suppose -17*n = -20*n + 411. What is the tens digit of n?
3
Suppose 0 = -4*h + 8*h + 4*q, -q = 3*h + 10. What is the tens digit of 48/(-60) - 799/h?
5
Let d(p) = p**2 - 7*p + 2. Let v be d(7). Suppose 3*u + 131 = b, -3*u - 256 = -v*b + u. What is the tens digit of b?
2
Suppose 0 = 3*j - d - 0*d - 582, 0 = -3*j - 4*d + 567. Suppose -6*t + 7*t = j. What is the tens digit of t?
9
Let w(p) = -4*p**2 + 5*p - 3. Let n be w(3). Let t be 1/(-1) + -2 - n. Let h = -7 + t. What is the tens digit of h?
1
Let t = -11 + 6. Let j(b) = b**3 + 7*b**2 + 6. Let o be j(t). Let r = -40 + o. What is the units digit of r?
6
Suppose 20 = 6*m - 2*m. Let s = -48 - -72. Suppose -m*w = -s - 31. What is the tens digit of w?
1
Suppose -455 = -n - l + 467, 0 = 3*n + l - 2760. What is the hundreds digit of n?
9
Suppose -4*h + 4*g = -1688, h + 0*h + 3*g - 434 = 0. What is the hundreds digit of h?
4
Let n(c) = c**2 + 7*c + 6. Let j be n(-6). Let d be (-8 - j)/(6/(-3)). Suppose -d*q + 8 = -68. What is the tens digit of q?
1
Let q(t) = -1. Let k(w) = -18*w - 12. Let o(z) = k(z) - 3*q(z). What is the units digit of o(-2)?
7
Suppose 10*a - 19741 = -5911. What is the hundreds digit of a?
3
Suppose -3*w - 170 = -1100. What is the tens digit of w?
1
Suppose 0 = 3*p + 4*i - 146, -i + 145 = 3*p + 4*i. Let g be 360/(-26) - (2 + 48/(-26)). Let o = g + p. What is the units digit of o?
6
Let p = 82 + 83. Suppose r + 4*y = -2, 12 = r + y - 4*y. Suppose -3*v - r = -p. What is the units digit of v?
3
Let a(j) = j**2 - 15*j. Suppose 0 = -3*n + n + 30. Let d be a(n). Suppose -4*x - 65 + 213 = d. What is the units digit of x?
7
Suppose -48*c = -54*c + 17022. What is the hundreds digit of c?
8
Let l = 17 - 12. Let z(x) = -2 + x**2 + 2*x**2 - 2*x**2 + 4*x. What is the tens digit of z(l)?
4
Let c(t) = -3*t - 3. Suppose -3*o - 6 = 3. Let a be c(o). What is the units digit of 18/2*(-5 + a)?
9
Suppose 5*w + 5*z - 70 = 0, -2*z - z = -w + 2. Suppose -864 - 720 = -w*h. What is the hundreds digit of h?
1
Suppose -1102 - 572 = -6*x. What is the tens digit of x?
7
Let w(k) = 10*k**2 - k - 2. Let p be w(-1). Let o(r) = -p*r**2 + r**3 + 12*r + 29*r**2 - 10*r**2 + 5. What is the units digit of o(-8)?
7
Let f(t) be the second derivative of 9*t**3 - t**2/2 + 26*t. Let n = -2 - -3. What is the units digit of f(n)?
3
Let p = -69 + 2135. What is the thousands digit of p?
2
Suppose -4*h = 3*b - 24, b - h - 16 = -b. Suppose 158 + 48 = 3*i + 5*u, 2*u = b. What is the tens digit of i?
6
Suppose 3*o = o. Suppose 4*q = 4*n - 140, -5*q = -2*n - o*q + 85. Suppose 0*p = -3*p + n. What is the tens digit of p?
1
Let n(l) = -2*l - 4*l + 9 + 5*l. What is the units digit of n(5)?
4
Let o = 28 - 25. Suppose -w + 94 = w - 2*h, 4*w + o*h - 174 = 0. What is the tens digit of w?
4
Let s = -27 - -24. What is the units digit of s/7 + (-76)/(-14)?
5
Let i(a) = 1 + 26*a - 11*a - 7*a - 12*a. What is the tens digit of i(-5)?
2
Let j = 270 + -533. Let i = j - -390. What is the tens digit of i?
2
Let x(s) = -22*s**3 + s**2 - 1. Let r be x(1). Let d = -93 + 57. Let l = r - d. What is the tens digit of l?
1
Let d(j) = j**3 + 3 + 5*j**2 + 0*j**2 + 3*j**2 + j. Let a be d(-6). Suppose -a = -3*t - 5*q, t + 51 = 4*t - q. What is the tens digit of t?
1
Let w = 2270 + -1556. What is the tens digit of w?
1
Let a = 31 - 49. Let b = 12 + a. What is the tens digit of ((-4)/(-3))/(b/(-189))?
4
What is the units digit of (-306)/1*84/(-63)?
8
Suppose 3*m = s - 5, 4*s = 5*m + 11 + 2. Suppose s*a + 2*x = 96, 2*a + x - 80 = 3*x. What is the units digit of a?
4
Suppose 3*f = 5*f. Suppose f = -0*h + h + 90. What is the units digit of (4/(-5))/(4/h)?
8
Let h be (24/10 + -2)*5. Let z be ((-12)/30)/(h/(-20)). Suppose 0 = 4*r + 20, 32 = 2*k - 0*k - z*r. What is the units digit of k?
6
Let j = 1905 + -477. What is the thousands digit of j?
1
What is the tens digit of (-405964)/(-195) + (-4)/(-30)?
8
What is the hundreds digit of ((-2)/8 - 0) + (-617)/(-4)?
1
Let k(d) = 9*d**2 - 6*d - 90. What is the thousands digit of k(-15)?
2
Let v = -330 - -708. What is the hundreds digit of v?
3
What is the tens digit of 24/4 - 3976/(-8)?
0
Suppose -3407 = -4*o + 3*l + 161, -5*o - 4*l + 4429 = 0. What is the units digit of o?
9
Suppose 0 = 4*p - 11*p + 105. What is the tens digit of 125 - -2 - 0 - (-13 + p)?
2
Let d be ((-15)/20)/(2/8). Let y be 10/4 + d/(-6). Suppose 3*n - 77 - 4 = y*v, -5*v = 2*n - 40. What is the units digit of n?
5
Suppose 3*j - 52 = -j. Suppose 5*c = -8 + j. What is the units digit of c + 1 + 70 - -4?
6
What is the units digit of (8*1)/(76/266)?
8
Let q = 454 + -182. What is the units digit of q?
2
Suppose -63*d + 17667 = -54*d. What is the thousands digit of d?
1
Let n(a) = 8*a**3 - 2 - 20*a - 7*a**3 + 13*a**2 - 18. What is the tens digit of n(-14)?
6
Let i = 2644 + 1298. What is the hundreds digit of i?
9
Suppose -206 = 4*z - 46. What is the tens digit of 4*1*z/(-4)?
4
Suppose 2*m + 2*c + 0*c + 10 = 0, m = -3*c + 3. Let u = m + -2. Let t = -9 - u. What is the units digit of t?
2
Suppose 4*f + 0*k - 3*k - 713 = 0, 5*f - 899 = -4*k. Let h = f - 128. What is the tens digit of h?
5
Let m be 5*((-4)/(-2) + -1). Suppose -2*q + 12 = 5*r - 4*q, -m*q + 8 = -3*r. Suppose 5*w - 2*s + 4*s = -3, 0 = 5*w + r*s + 11. What is the units digit of w?
1
Let i = 55 + -53. What is the units digit of ((1 - -41) + i)*2?
8
What is the tens digit of ((-203)/2)/(5 - (-33)/(-6))?
0
What is the tens digit of (-60)/130 - (-2863)/91?
3
Let s(c) = -c**3 - 8*c**2 - 4*c + 6. Suppose 4*u + 32 = 3*q, -2*q = -3*u + q - 27. Let t be s(u). What is the units digit of (2 - (t - -3))/1?
8
Suppose -2*g + 5373 = 3*y, -2*y - 5*g = -3*y + 1791. What is the thousands digit of y?
1
Suppose -5*o = -3*n - 0*o + 21, -4*o = -4*n + 20. Let k be n/5*(11 + -6). Suppose 69 = k*c + c. What is the tens digit of c?
2
Let t(m) = -4*m - 2. Let o be t(-5). Suppose -823 + 3811 = o*r. What is the tens digit of r?
6
Let n(d) = -28*d + 8. Let s be n(-4). Suppose -5*j - 3 = -x + 7, 4*x - 4*j - s = 0. What is the tens digit of x?
3
Let y(h) = h**2 + 3*h - 13. Suppose 0 = 4*n - 7*n - 24. What is the units digit of y(n)?
7
Let v = -604 + 851. Suppose 433 = 8*r - v. What is the tens digit of r?
8
Let f(x) = 3*x + 226. Let l be f(0). Suppose -133 = 5*b - m + 207, 5*m - l = 3*b. Let d = 112 + b. What is the tens digit of d?
4
Suppose 0 = 2*t - q + 14, 4*t = -3*q + q - 28. Let w = t - -21. Let u = w - 8. What is the units digit of u?
6
Let c be (-3)/1 + -1 + 3. What is the tens digit of 0 + c + (57 - -3)?
5
Let t = -27 + 225. Let g = t - 132. What is the units digit of g?
6
Suppose -4*l + 464 = -3*p, 4*l - 230 = 2*l + p. What is the hundreds digit of l?
1
Suppose 0 = -2*k - 4, 5*c + 0*k = 3*k - 14. Let s = 16 + c. Suppose -g + s = 4. What is the units digit of g?
8
Let s = -92 - -36. Let n(l) = 8*l**2 + 2*l. Let i be n(3). Let p = s + i. What is the tens digit of p?
2
Let s(m) = m**2 - 12*m - 10. Let x be s(13). Suppose 0 = x*u + 14*u - 6018. What is the tens digit of u?
5
Let a(n) = -6*n + 6. Let j be -1*38 - (-1 - -2). Let o = j - -30. What is the tens digit of a(o)?
6
Let o = 50 + -46. Suppose 3*l = -3*g + 36, -31 = -o*g + g - 2*l. What is the units digit of g?
7
Let o(h) = 212*h - 31. Let u be o(-4). What is the hundreds digit of (-1 - 0)/(3/u)?
2
What is the hundreds digit of (-4727)/(-5) + 54/(-135)?
9
Suppose -2*c = -8*q + 11*q - 3281, 5*c - 2180 = -2*q. What is the tens digit of q?
9
Let o be 4/(12/9) + 8. Suppose 25 = -5*z, 8*w + 4*z - 70 = 3*w. Let v = w + o. What is the units digit of v?
9
Let w be 2 - (3/2)/((-5)/10). Suppose n - 439 = -w*v, -2*v - 3*v + 419 = -4*n. What is the units digit of v?
7
Let m = 376 + -133. What is the hundreds digit of m?
2
Let t = -58 + 60. Suppose t*n - c - 202 = 18, 0 = 3*n + 5*c - 343. What is the hundreds digit of n?
1
Let f(s) = 2*s**2 + s - 11. Let h be f(-4). Let k = h + 21. What is the units digit of k?
8
Suppose -49*m + 47*m + 10 = 0. Suppose m*w = -2*n + 10 + 134, -4*n + 4*w + 288 = 0. What is the tens digit of n?
7
Suppose -12*b = -10*b - 2302. What is the hundreds digit of b?
1
Let h = 20 + -13. Let y = 7 - h. Suppose -2*i - 3*l + 16 = y, -3*i + 13 +